{"id":19,"date":"2021-06-28T10:53:21","date_gmt":"2021-06-28T09:53:21","guid":{"rendered":"http:\/\/www.20thDeMonDevelopersWK.universite-paris-saclay.fr\/?page_id=19"},"modified":"2021-08-30T10:25:49","modified_gmt":"2021-08-30T09:25:49","slug":"participants","status":"publish","type":"page","link":"http:\/\/www.20thDeMonDevelopersWK.universite-paris-saclay.fr\/?page_id=19","title":{"rendered":"Participants"},"content":{"rendered":"\n<p style=\"font-size:18px\">The list of participants is updated regularly<\/p>\n\n\n\n<p><\/p>\n\n\n\n<p style=\"font-size:18px\">Chehel Amirani (University of Calgary, Canada)<\/p>\n\n\n\n<p style=\"font-size:18px\">Lizandra Barrios Herrera (University of Calgary, Canada)<\/p>\n\n\n\n<p style=\"font-size:18px\">Patrizia Calaminici (CINVESTAV IPN, Mexico)<\/p>\n\n\n\n<p style=\"font-size:18px\">Fabien Cailliez (Universit\u00e9 Paris Saclay, France)<\/p>\n\n\n\n<p style=\"font-size:18px\">Marc E Casida (Universit\u00e9 Grenoble Alpes, Grenoble, France)<\/p>\n\n\n\n<p style=\"font-size:18px\">Carine Clavagu\u00e9ra (ICP, Paris Saclay University, France)<\/p>\n\n\n\n<p style=\"font-size:18px\">Nicolas Cinq (Universit\u00e9 Paul Sabatier, Toulouse, France)<\/p>\n\n\n\n<p style=\"font-size:18px\">J\u00e9r\u00f4me Cuny (Universit\u00e9 Paul Sabatier, Toulouse, France)<\/p>\n\n\n\n<p style=\"font-size:18px\">Francisco Delesma (Cinvestav-IPN, Mexico)<\/p>\n\n\n\n<p style=\"font-size:18px\">Helio Duarte (Universidade Federal de Minas Gerais, Brazil)<\/p>\n\n\n\n<p style=\"font-size:18px\">Ke Chen (School of Chemistry and Chemical Engineering, Nanjing University of Science and Technology, China)<\/p>\n\n\n\n<p style=\"font-size:18px\">Jean Deviers (University of Exeter, UK)<\/p>\n\n\n\n<p style=\"font-size:18px\">Anne Justine  Etindele (\u00c9cole Normale Sup\u00e9rieure de Yaound\u00e9, Universit\u00e9 de Yaound\u00e9 1, Cameroun) <\/p>\n\n\n\n<p style=\"font-size:18px\">Fatameh Fateminasab  (Department of Chemistry, University of Isfahan, Isfahan, Iran)<\/p>\n\n\n\n<p id=\"block-433ab761-2581-4dae-90e5-9d3915bb6ef8\" style=\"font-size:18px\">Carlos Galindo-Uribe (Department of Chemistry, Cinvestav, Mexico)<\/p>\n\n\n\n<p style=\"font-size:18px\">Gerald Geudtner (Department of Chemistry, Cinvestav, Mexico)<\/p>\n\n\n\n<p style=\"font-size:18px\">Natacha Gillet (Laboratoire de Chimie, ENS de Lyon, CNRS, France)<\/p>\n\n\n\n<p style=\"font-size:18px\">Nohad Gresh (Paris Sorbone University , France)<\/p>\n\n\n\n<p style=\"font-size:18px\">Karim Hanaoui (IDRIS\/MdlS, Orsay France)<\/p>\n\n\n\n<p style=\"font-size:18px\">Klaus Hermann (AC Dept., Fritz-Haber-Institut der MPG, Berlin Germany) <\/p>\n\n\n\n<p style=\"font-size:18px\">Luis Ignacio Hern\u00e1ndez Segura (Department of Chemistry, Cinvestav, Mexico)<\/p>\n\n\n\n<p style=\"font-size:18px\">Faez Khan (School of Electronic Science and Engineering, University of Electronic Science and Technology of China, Sichuan)<\/p>\n\n\n\n<p id=\"block-a369c957-e3a7-4046-ab39-b8852618e69e\" style=\"font-size:18px\">Feven Alemu Korsaye (Universit\u00e9 Paris Saclay, and Sorbonne Universit\u00e9, Paris, France)<\/p>\n\n\n\n<p style=\"font-size:18px\">Andreas M. K\u00f6ster (CINVESTAV,  Mexico)<\/p>\n\n\n\n<p style=\"font-size:18px\">Sailaja Krishnamurty (CSIR NCL India)<\/p>\n\n\n\n<p style=\"font-size:18px\">Aur\u00e9lien de la Lande (CNRS, Universit\u00e9 Paris Saclay, Orsay, France) <\/p>\n\n\n\n<p style=\"font-size:18px\">Xingchen Liu (Institute of Coal Chemistry Chinese Academy of Sciences, China)<\/p>\n\n\n\n<p style=\"font-size:18px\">Maicon Louren\u00e7o (Universidade Federal do Esp\u00edrito Santo, Brazil)<\/p>\n\n\n\n<p id=\"block-8d0b85d7-32d8-4857-98c5-a372a3a5f452\" style=\"font-size:18px\">Adri\u00e1n Amor Mart\u00ednez Carranza (CINVESTAV, Mexico)<\/p>\n\n\n\n<p style=\"font-size:18px\">Ashakira Maibam (PMC, CSIR-NCL, India)<\/p>\n\n\n\n<p style=\"font-size:18px\">Tzonka Mineva (ICGM, Univ. Montpellier, CNRS, Montpellier, France)<\/p>\n\n\n\n<p style=\"font-size:18px\">Jesus Nain Pedroza-Montero (CINVESTAV, Mexico)<\/p>\n\n\n\n<p style=\"font-size:18px\">Karwan Ali Omar (CNRS, Universit\u00e9 Paris Saclay, France)<\/p>\n\n\n\n<p style=\"font-size:18px\">Reza Omidyan (Department of Chemistry, University of Isfahan, Iran)<\/p>\n\n\n\n<p style=\"font-size:18px\">Kevin Oswaldo P\u00e9rez Becerra (Chemistry Department, University of Guadalajara, Jalisco, Mexico)<\/p>\n\n\n\n<p style=\"font-size:18px\">Angela Parise (UNICAL, Italy &amp; Universit\u00e9 Paris Saclay, Orsay, France)<\/p>\n\n\n\n<p style=\"font-size:18px\">Lars Pettersson (Stockholm University, Sweden)<\/p>\n\n\n\n<p style=\"font-size:18px\">Abraham Ponra (Universit\u00e9 de Maroua, Cameroun)<\/p>\n\n\n\n<p style=\"font-size:18px\">Mathias Rapacioli (CNRS, Universit\u00e9 Paul Sabatier, Toulouse, France) <\/p>\n\n\n\n<p style=\"font-size:18px\">Mohammad Salehi (Department of Chemistry, University of Isfahan, Iran)<\/p>\n\n\n\n<p style=\"font-size:18px\">Juan Diego Samaniego Rojas (CINVESTAV, Mexico)<\/p>\n\n\n\n<p style=\"font-size:18px\">Dennis R. Salahub (University of Calgary, AB, Canada) <\/p>\n\n\n\n<p style=\"font-size:18px\">Jorge Sanchez (CINVESTAV, Mexico)<\/p>\n\n\n\n<p style=\"font-size:18px\">Sapana Sedge (Department of Chemistry and Chemical Biology, University of California Merced, California)<\/p>\n\n\n\n<p style=\"font-size:18px\">Aude Simon (LCPQ UMR5626 CNRS ; Univ. Toulouse)<\/p>\n\n\n\n<p style=\"font-size:18px\">Damien Tolu (Universit\u00e9 Paris Saclay, CEA Marcoule, France)<\/p>\n\n\n\n<p style=\"font-size:18px\">Jesus Villalobos (CINVESTAV, Mexico)<\/p>\n\n\n\n<p style=\"font-size:18px\">Xiaojing Wu (University College London, UK)<\/p>\n\n\n\n<p style=\"font-size:18px\">Mays\u00e1 Yusef Buey (Universit\u00e9 Paul Sabatier, Toulouse, France)<\/p>\n\n\n\n<p style=\"font-size:18px\">Baojing Zou (School of Chemical Engineering, Nanjing University of Science and Technology, China)<\/p>\n","protected":false},"excerpt":{"rendered":"<p>The list of participants is updated regularly Chehel Amirani (University of Calgary, Canada) Lizandra Barrios Herrera (University of Calgary, Canada) Patrizia Calaminici (CINVESTAV IPN, Mexico) Fabien Cailliez (Universit\u00e9 Paris Saclay, France) Marc E Casida (Universit\u00e9 Grenoble Alpes, Grenoble, France) Carine&hellip; <\/p>\n","protected":false},"author":1,"featured_media":0,"parent":0,"menu_order":0,"comment_status":"closed","ping_status":"closed","template":"","meta":[],"_links":{"self":[{"href":"http:\/\/www.20thDeMonDevelopersWK.universite-paris-saclay.fr\/index.php?rest_route=\/wp\/v2\/pages\/19"}],"collection":[{"href":"http:\/\/www.20thDeMonDevelopersWK.universite-paris-saclay.fr\/index.php?rest_route=\/wp\/v2\/pages"}],"about":[{"href":"http:\/\/www.20thDeMonDevelopersWK.universite-paris-saclay.fr\/index.php?rest_route=\/wp\/v2\/types\/page"}],"author":[{"embeddable":true,"href":"http:\/\/www.20thDeMonDevelopersWK.universite-paris-saclay.fr\/index.php?rest_route=\/wp\/v2\/users\/1"}],"replies":[{"embeddable":true,"href":"http:\/\/www.20thDeMonDevelopersWK.universite-paris-saclay.fr\/index.php?rest_route=%2Fwp%2Fv2%2Fcomments&post=19"}],"version-history":[{"count":38,"href":"http:\/\/www.20thDeMonDevelopersWK.universite-paris-saclay.fr\/index.php?rest_route=\/wp\/v2\/pages\/19\/revisions"}],"predecessor-version":[{"id":190,"href":"http:\/\/www.20thDeMonDevelopersWK.universite-paris-saclay.fr\/index.php?rest_route=\/wp\/v2\/pages\/19\/revisions\/190"}],"wp:attachment":[{"href":"http:\/\/www.20thDeMonDevelopersWK.universite-paris-saclay.fr\/index.php?rest_route=%2Fwp%2Fv2%2Fmedia&parent=19"}],"curies":[{"name":"wp","href":"https:\/\/api.w.org\/{rel}","templated":true}]}}